{"id":15,"date":"2026-01-19T17:31:11","date_gmt":"2026-01-19T16:31:11","guid":{"rendered":"https:\/\/cv.t-group.hu\/?page_id=15"},"modified":"2026-02-04T02:22:00","modified_gmt":"2026-02-04T01:22:00","slug":"hobby","status":"publish","type":"page","link":"https:\/\/cv.t-group.hu\/?page_id=15","title":{"rendered":"Hobby"},"content":{"rendered":"\n<ul class=\"wp-block-list\">\n<li>Amit kipr\u00f3b\u00e1ltam\n<ul class=\"wp-block-list\">\n<li>Fiatalon motoroz\u00e1s<\/li>\n\n\n\n<li>T\u00e1rsasj\u00e1t\u00e9k<\/li>\n\n\n\n<li>T\u00far\u00e1z\u00e1s<\/li>\n\n\n\n<li>Ker\u00e9kp\u00e1r<\/li>\n\n\n\n<li>Strand<\/li>\n\n\n\n<li>Gokart<\/li>\n<\/ul>\n<\/li>\n<\/ul>\n\n\n\n<p><\/p>\n\n\n\n<ul class=\"wp-block-list\">\n<li>Amit szeretn\u00e9k kipr\u00f3b\u00e1lni\n<ul class=\"wp-block-list\">\n<li>Ejt\u0151erny\u0151z\u00e9s<\/li>\n\n\n\n<li>B\u00fav\u00e1rkod\u00e1s<\/li>\n\n\n\n<li>Snowboard<\/li>\n\n\n\n<li>Raffting<\/li>\n<\/ul>\n<\/li>\n<\/ul>\n","protected":false},"excerpt":{"rendered":"","protected":false},"author":1,"featured_media":0,"parent":0,"menu_order":0,"comment_status":"closed","ping_status":"closed","template":"","meta":{"footnotes":""},"class_list":["post-15","page","type-page","status-publish","hentry"],"_links":{"self":[{"href":"https:\/\/cv.t-group.hu\/index.php?rest_route=\/wp\/v2\/pages\/15","targetHints":{"allow":["GET"]}}],"collection":[{"href":"https:\/\/cv.t-group.hu\/index.php?rest_route=\/wp\/v2\/pages"}],"about":[{"href":"https:\/\/cv.t-group.hu\/index.php?rest_route=\/wp\/v2\/types\/page"}],"author":[{"embeddable":true,"href":"https:\/\/cv.t-group.hu\/index.php?rest_route=\/wp\/v2\/users\/1"}],"replies":[{"embeddable":true,"href":"https:\/\/cv.t-group.hu\/index.php?rest_route=%2Fwp%2Fv2%2Fcomments&post=15"}],"version-history":[{"count":9,"href":"https:\/\/cv.t-group.hu\/index.php?rest_route=\/wp\/v2\/pages\/15\/revisions"}],"predecessor-version":[{"id":74,"href":"https:\/\/cv.t-group.hu\/index.php?rest_route=\/wp\/v2\/pages\/15\/revisions\/74"}],"wp:attachment":[{"href":"https:\/\/cv.t-group.hu\/index.php?rest_route=%2Fwp%2Fv2%2Fmedia&parent=15"}],"curies":[{"name":"wp","href":"https:\/\/api.w.org\/{rel}","templated":true}]}}